lse
Is 55650 a multiple of 10?
True
Is 579 a multiple of 33?
False
Does 35 divide 1707?
False
Is 2 a factor of 1494?
True
Does 154 divide 7247?
False
Does 35 divide 3955?
True
Is 38502 a multiple of 54?
True
Does 137 divide 4110?
True
Is 5916 a multiple of 34?
True
Is 1130 a multiple of 11?
False
Is 187 a factor of 5837?
False
Is 28741 a multiple of 72?
False
Is 20 a factor of 394?
False
Does 47 divide 47?
True
Is 6546 a multiple of 6?
True
Is 25 a factor of 12300?
True
Is 2 a factor of 581?
False
Does 150 divide 5577?
False
Is 56 a factor of 923?
False
Is 35 a factor of 1015?
True
Does 7 divide 5855?
False
Is 63 a factor of 311?
False
Does 26 divide 598?
True
Is 57 a factor of 15504?
True
Does 111 divide 777?
True
Is 1593 a multiple of 116?
False
Does 54 divide 1080?
True
Does 135 divide 1069?
False
Is 507 a multiple of 13?
True
Is 2065 a multiple of 210?
False
Is 80 a factor of 2148?
False
Is 16511 a multiple of 10?
False
Is 27 a factor of 481?
False
Is 13 a factor of 3237?
True
Does 40 divide 96040?
True
Does 91 divide 5527?
False
Is 42 a factor of 2940?
True
Is 32 even?
True
Is 32 a factor of 2368?
True
Does 25 divide 20383?
False
Is 4921 a multiple of 70?
False
Is 172 a multiple of 4?
True
Is 150 a factor of 6038?
False
Does 31 divide 67?
False
Is 146 a factor of 7468?
False
Is 123 a factor of 7011?
True
Does 6 divide 312?
True
Does 11 divide 84?
False
Is 21742 a multiple of 97?
False
Is 80700 a multiple of 20?
True
Is 34240 a multiple of 7?
False
Is 62 a factor of 9086?
False
Is 30 a factor of 3180?
True
Does 30 divide 37152?
False
Is 64 a factor of 13184?
True
Is 456 a multiple of 8?
True
Is 645 a multiple of 15?
True
Is 23 a factor of 7128?
False
Is 121121 a multiple of 143?
True
Is 378 a multiple of 7?
True
Is 15 a factor of 3420?
True
Does 22 divide 22964?
False
Is 123 a multiple of 11?
False
Is 14897 a multiple of 36?
False
Does 39 divide 27979?
False
Does 10 divide 17930?
True
Does 15 divide 5212?
False
Does 10 divide 8632?
False
Is 162 a multiple of 18?
True
Is 23200 a multiple of 232?
True
Is 108 a factor of 122246?
False
Is 92 a factor of 1472?
True
Is 11 a factor of 18834?
False
Does 5 divide 33480?
True
Does 53 divide 1439?
False
Is 11 a factor of 2825?
False
Does 33 divide 4313?
False
Does 13 divide 422?
False
Is 7 a factor of 1967?
True
Does 18 divide 1710?
True
Is 756 a multiple of 54?
True
Is 5464 a multiple of 183?
False
Does 9 divide 72?
True
Is 22 a factor of 9917?
False
Is 3878 a multiple of 8?
False
Is 79 a factor of 4661?
True
Is 18 a factor of 5004?
True
Is 2760 a multiple of 12?
True
Is 75 a factor of 900?
True
Is 33360 a multiple of 8?
True
Is 6 a factor of 5329?
False
Does 6 divide 186?
True
Is 51 a factor of 1428?
True
Is 12 a factor of 444?
True
Is 224 a multiple of 64?
False
Does 2 divide 70?
True
Does 29 divide 691?
False
Is 16 a factor of 5584?
True
Does 23 divide 972?
False
Does 12 divide 768?
True
Is 10141 a multiple of 13?
False
Is 1496 a multiple of 53?
False
Does 2 divide 1058?
True
Is 98 a factor of 1904?
False
Does 16 divide 320?
True
Is 8788 a multiple of 62?
False
Is 11491 a multiple of 173?
False
Is 23 a factor of 114311?
False
Does 10 divide 47360?
True
Is 5583 a multiple of 59?
False
Is 482 a multiple of 60?
False
Does 6 divide 90?
True
Does 6 divide 6522?
True
Does 41 divide 4243?
False
Is 2690 a multiple of 169?
False
Does 100 divide 4719?
False
Is 1081 a multiple of 15?
False
Is 11 a factor of 2420?
True
Does 52 divide 416?
True
Is 1649 a multiple of 17?
True
Is 32 a factor of 672?
True
Is 6943 a multiple of 53?
True
Is 3391 a multiple of 17?
False
Is 7923 a multiple of 24?
False
Is 52 a factor of 1151?
False
Does 58 divide 48995?
False
Is 12066 a multiple of 10?
False
Is 75 a factor of 14250?
True
Is 108 a factor of 32393?
False
Is 5733 a multiple of 9?
True
Is 5 a factor of 3605?
True
Does 26 divide 5038?
False
Is 240 a multiple of 12?
True
Is 8 a factor of 1444?
False
Does 2 divide 1387?
False
Is 19 a factor of 323?
True
Is 17 a factor of 2048?
False
Is 5454 a multiple of 202?
True
Is 10 a factor of 470?
True
Is 396 a multiple of 12?
True
Does 10 divide 390?
True
Is 3420 a multiple of 15?
True
Is 9 a factor of 4088?
False
Does 26 divide 30403?
False
Is 4818 a multiple of 11?
True
Does 28 divide 980?
True
Is 80624 a multiple of 16?
True
Does 29 divide 11049?
True
Is 3366 a multiple of 66?
True
Is 191 a multiple of 11?
False
Is 48 a factor of 74160?
True
Is 270 a factor of 47790?
True
Is 3408 a multiple of 8?
True
Is 5 a factor of 575?
True
Is 505 a multiple of 2?
False
Is 111 a multiple of 37?
True
Is 23 a factor of 2438?
True
Is 18 a factor of 360?
True
Is 995 a multiple of 7?
False
Does 74 divide 592?
True
Does 15 divide 1005?
True
Is 510 a multiple of 30?
True
Does 12 divide 5675?
False
Is 17061 a multiple of 19?
False
Does 19 divide 8360?
True
Is 340 a factor of 72420?
True
Is 69 a factor of 768?
False
Is 53 a factor of 22663?
False
Is 713 a multiple of 31?
True
Does 8 divide 544?
True
Is 4692 a multiple of 17?
True
Does 3 divide 9639?
True
Is 399 a multiple of 19?
True
Is 15 a factor of 1217?
False
Does 29 divide 25375?
True
Does 95 divide 2903?
False
Is 273 a multiple of 39?
True
Is 15 a factor of 3345?
True
Does 9 divide 6417?
True
Is 38 a factor of 7296?
True
Is 52248 a multiple of 12?
True
Is 10 a factor of 378?
False
Is 7 a factor of 14889?
True
Does 5 divide 5205?
True
Does 13 divide 8822?
False
Is 766 a multiple of 9?
False
Does 151 divide 805?
False
Is 27760 a multiple of 92?
False
Is 619 a multiple of 55?
False
Does 11 divide 3312?
False
Is 16 a factor of 5044?
False
Is 943 a multiple of 11?
False
Is 61 a factor of 31481?
False
Does 13 divide 2085?
False
Is 14 a factor of 5120?
False
Is 9600 a multiple of 25?
True
Does 12 divide 2468?
False
Does 5 divide 3600?
True
Is 1836 a multiple of 36?
True
Does 12 divide 264?
True
Is 514 a multiple of 9?
False
Is 107 a factor of 1391?
True
Is 49 a factor of 8186?
False
Does 54 divide 1080?
True
Is 92 a multiple of 4?
True
Does 39 divide 26676?
True
Is 39689 a multiple of 44?
False
Does 276 divide 38540?
False
Is 4298 a multiple of 14?
True
Is 41 a factor of 1224?
False
Is 4366 a multiple of 74?
True
Is 1093 a multiple of 36?
False
Is 6 a factor of 2695?
False
Does 72 divide 2880?
True
Does 26 divide 10166?
True
Is 24826 a multiple of 11?
False
Is 3204 a multiple of 12?
True
Is 965 a multiple of 12?
False
Is 1508 a multiple of 13?
True
Does 18 divide 244?
False
Is 1268 a multiple of 25?
False
Does 13 divide 15338?
False
Does 13 divide 52?
True
Does 34 divide 1851?
False
Is 102 a multiple of 3?
True
Does 17 divide 8932?
False
Is 3348 a multiple of 36?
True
Is 455 a multiple of 7?
True
Is 45 a factor of 765?
True
Does 4 divide 2922?
False
Does 3 divide 9553?
False
Does 8 divide 7416?
True
Does 31 divide 310?
True
Is 3336 a multiple of 6?
True
Is 31 a factor of 63939?
False
Is 1880 a multiple of 14?
False
Does 29 divide 493?
True
Is 12165 a multiple of 15?
True
Does 129 divide 4216?
False
Is 2978 a multiple of 104?
False
Is 16 a factor of 989?
False
Does 37 divide 19224?
False
Is 225 a multiple of 25?
True
Is 4640 a multiple of 10?
True
Is 62 a factor of 6977?
False
Is 5110 a multiple of 70?
True
Is 1688 a multiple of 29?
False
Does 32 divide 1056?
True
Is 4111 a multiple of 9?
False
Is 41968 a multiple of 37?
False
Does 23 divide 1334?
True
Is 2760 a multiple of 3?
True
Does 54 divide 34992?
True
Is 6835 a multiple of 6?
False
Is 70 a factor of 7000?
True
Does 10 divide 1591?
False
Is 2101 a multiple of 9?
False
Is 2 a factor of 481?
False
Is 3016 a multiple of 52?
True
Is 1326 a multiple of 34?
True
Is 11 a factor of 10913?
False
Is 33 a factor of 2772?
True
Is 5 a factor of 19533?
False
Is 19424 a multiple of 4?
True
Does 12 divide 1152?
True
Is 7476 a multiple of 84?
True
Is 12 a factor of 972?
True
Does 4 divide 17328?
True
Is 20 a factor of 3113?
False
Is 31 a factor of 12059?
True
Is 15785 a multiple of 25?
False
Does 163 divide 9943?
True
Is 33 a factor of 2465?
False
Is 4 a factor of 3897?
False
Is 1905 a multiple of 3?
True
Is 22 a factor of 20939?
False
Does 12 divide 7293?
False
Does 37 divide 52447?
False
Is 36 a factor of 1471?
False
Does 16 divide 1616?
True
Is 7 a factor of 5106?
False
Does 89 divide 9284?
False
Is 2107 a